. Let q = -3 + a. Suppose 0 = -4*y + q + 93. Is 12 a factor of y?
True
Suppose 3*g - 4*v - 4 = 0, 0 = 2*g - 2*v - 1 - 5. Is 84/g + (-1)/(-2) a multiple of 5?
False
Suppose 0 = 3*b - 5*r + 95, -b - 2*b - 3*r - 63 = 0. Let k = -15 - b. Is k a multiple of 5?
True
Suppose 0 = -4*p - 15 + 99. Is 7 a factor of p?
True
Let v = 146 + -43. Suppose 0 = 3*j + 2*r - v, -j - 114 = -5*j + 2*r. Does 15 divide j?
False
Does 11 divide (3/(-2))/((-6)/132)?
True
Let x be 1*(-3 + 32/4). Suppose 0 = -x*g - 2*w + 145, 3*g - 66 = -0*w + 3*w. Is 18 a factor of g?
False
Let o(w) = -4*w**3 + 3*w**2 - 2*w + 3. Let q(j) = -j**3 - j + 1. Let r(s) = -o(s) + 5*q(s). Does 9 divide r(-4)?
False
Suppose 2*f = 3*f - 27. Is 9 a factor of f?
True
Let f(j) = -3*j**3 - 2*j**2 + 3. Is f(-2) a multiple of 19?
True
Suppose 4*g + 237 = 3*n, 0*g = -g - 3. Is 15 a factor of n?
True
Let a(g) = 21*g**3 + 4*g**2 - 21*g + 16. Let i(q) = 4*q**3 + q**2 - 4*q + 3. Let t(c) = 2*a(c) - 11*i(c). Let h be t(2). Let f = -16 - h. Does 4 divide f?
False
Suppose 2*s - 2 = 6. Suppose -34 = -3*h - s. Suppose h*m = 6*m + 40. Is m a multiple of 6?
False
Let o = 131 - 54. Is o a multiple of 11?
True
Let g = 4 - 1. Suppose -3*k + g = -2*k. Let a(q) = 5*q**2 + 2*q. Is a(k) a multiple of 17?
True
Let u(w) = w**2 - w - 8. Is u(6) a multiple of 17?
False
Suppose -d + 2*r = -12, r + 5 + 0 = 0. Suppose -2*x = -d*h - 46, -x = 5*h - 50 + 3. Is x a multiple of 9?
True
Let h = 11 + -7. Suppose h*r + 155 = 5*l + 3*r, 4*r = 5*l - 170. Does 15 divide l?
True
Let m(o) be the third derivative of o**5/30 + 4*o**2. Is 6 a factor of m(-2)?
False
Suppose n - 107 = -2*s + 56, s - 69 = 2*n. Is 14 a factor of s?
False
Let m be 0/(-2*3/(-2)). Suppose m = -k - 90 - 4. Let q = -52 - k. Does 21 divide q?
True
Let j(b) = b + 13. Let k be j(-10). Suppose 3*p = -3*w + 9, 3*w + k = p - w. Is 2 a factor of p?
False
Let o = 7 - 17. Is 12 a factor of o*(-6)/(-8)*-6?
False
Let z be 46/10 - 4/(-10). Let k(w) = 2*w**2 - 6*w + 1. Is k(z) a multiple of 7?
True
Let z(u) = u + 10. Suppose -15 = -5*c - 5. Suppose 0 = s - c*s. Does 7 divide z(s)?
False
Let q(f) = -7*f - 28. Does 21 divide q(-13)?
True
Suppose -s - 2 - 1 = 0. Let a be 3/s - (-5)/(-1). Let g(b) = -b**3 - 7*b**2 - 9*b - 1. Is g(a) a multiple of 7?
False
Let x(q) = 7*q**3 - q**2 - 4*q + 3. Let a(g) = -13*g**3 + 2*g**2 + 8*g - 6. Let k(w) = -4*a(w) - 7*x(w). Let p be (0 - 2/3)*-3. Is 13 a factor of k(p)?
False
Let f(h) = 19*h. Let v be f(-3). Let x = v - -161. Is 31 a factor of x?
False
Suppose 3*v = -0*t + 5*t + 5, 9 = 2*t + v. Is (-369)/(-33) - t/11 a multiple of 11?
True
Is 20 a factor of ((-8)/3)/((-46)/1725)?
True
Let r = 10 - 8. Suppose 1 = r*z - 1. Is (-16)/(-2 - -1) - z a multiple of 4?
False
Suppose -14*w = -18*w + 56. Is 14 a factor of w?
True
Let s(m) be the third derivative of -m**4/24 + 13*m**3/3 + m**2. Is s(0) a multiple of 13?
True
Suppose 39 + 86 = y - 5*x, 4*y - 5*x - 425 = 0. Does 25 divide y?
True
Let p(f) be the third derivative of -f**4/24 - 5*f**3/3 - f**2. Is p(-14) a multiple of 2?
True
Let v(d) = -45*d**3 - d**2 - d. Suppose -4*y + 6*y = 4. Let a = 1 - y. Is 21 a factor of v(a)?
False
Suppose s + 5*j - 24 = 0, 0*j + 15 = 3*j. Is 22 a factor of (-32 + s)/((-21)/14)?
True
Suppose 19 = 2*n - 9. Suppose -5*c - 20 - 7 = -3*h, -2*h + n = -2*c. Suppose -4*i + 40 = h. Does 9 divide i?
True
Let p be (5 - -1)/((-9)/(-6)). Let q be 2/8*11*p. Suppose 0 = g - 0*g - q. Is g a multiple of 4?
False
Suppose h = -h + 10. Let o be (h - (0 + -1)) + -1. Suppose l - 1 - o = 0. Is 5 a factor of l?
False
Let t be (-4)/8 + 68/(-8). Let y(a) = -8*a - 12. Is y(t) a multiple of 15?
True
Suppose 2*k - 22 = k + 5*i, 0 = -5*k + 3*i + 44. Let m = 6 + -2. Suppose -w = -k - m. Does 10 divide w?
False
Let i be 5/(1*(2 + -3)). Let t(x) = x + 3. Let q be t(i). Is q/(-10) - (-48)/10 a multiple of 5?
True
Suppose 0 = 4*y + 3*k - 28, -5*y + 14 = -3*y + k. Is y a multiple of 7?
True
Suppose -a - 1 = 0, a - 39 = -2*n + 40. Does 13 divide n?
False
Let j(s) = -s**3 - s**2 + 6*s + 5. Is 11 a factor of j(-4)?
False
Let a be ((-12)/8)/(3/6). Is 7 a factor of 1/(-2*a/48)?
False
Let x = -58 - -90. Let g = x + -19. Is 4 a factor of g?
False
Suppose -68 = 5*s + 192. Let p = 78 + s. Is p a multiple of 8?
False
Let b = 6 + -2. Suppose -w + b = w. Suppose 42 = l + w*l. Is 7 a factor of l?
True
Let w(r) = r**3 - r**2 - r - 3. Let q be w(-3). Let u = 59 + q. Is u a multiple of 6?
False
Let h(k) = -k + 11. Is 11 a factor of h(-22)?
True
Let f(k) = -3*k - 15. Let q(m) = 4. Let l(r) = -1. Let t(s) = -5*l(s) - q(s). Let x(y) = f(y) + 9*t(y). Does 3 divide x(-5)?
True
Let x(g) = -2*g + 2. Let h be x(-2). Suppose -i = b - 12, -3*b + h + 51 = -4*i. Does 8 divide b?
False
Let t = -3 + 37. Suppose -3*z + t = -z. Is 17 a factor of z?
True
Let n(o) = 13*o - 7. Does 7 divide n(5)?
False
Suppose -3*y + 168 = 3*k, 4*y = -0*y - 2*k + 232. Does 4 divide y?
True
Suppose 21 = 3*m - 51. Suppose m = 2*s + 2*s. Does 5 divide s?
False
Let c = -11 + 15. Suppose -c*v = -5*o - v + 125, -5*o + 4*v = -130. Does 10 divide o + (4/(-2))/1?
True
Let j(o) = 4*o + 1. Let d be j(8). Let w = d - 22. Is 4 a factor of w?
False
Let v = 57 - -18. Does 12 divide v?
False
Is 1 - -116 - (1 - -4) a multiple of 6?
False
Let a(d) = -2*d**3 - 2*d - d**2 + 10*d**3 + 3*d - 1 + 10*d**3. Is a(1) a multiple of 5?
False
Suppose 34 = 3*i - i. Let x = i + 1. Is x a multiple of 16?
False
Let z(j) = j. Let k be z(-2). Let u(a) = -42*a. Is u(k) a multiple of 28?
True
Suppose -4*d + 0 + 40 = 0. Suppose d - 2 = 2*h. Suppose s = h*s - 24. Is s a multiple of 6?
False
Let g(q) be the second derivative of q**4/12 - q**3/3 - 2*q**2 + 2*q. Let c be g(-3). Is 9 a factor of -7*(c/(-7) - 1)?
True
Let d = -23 - -8. Let t = 15 - d. Is t a multiple of 15?
True
Let p(i) = -4*i + 37. Is 13 a factor of p(6)?
True
Suppose 3*k + 977 = 8*k + 3*d, k - 2*d = 185. Let v = -109 + k. Does 28 divide v?
True
Suppose 1 - 4 = -i. Let q be 1 + -3 + -5 + -1. Does 10 divide (q - (i + -1))/(-1)?
True
Suppose 36 + 28 = 4*z. Suppose -z = -0*n + 4*n. Let t = 14 + n. Is 5 a factor of t?
True
Suppose -3*l + 4 = -4*j + 2*l, -5*j + 16 = -l. Suppose j*q = -0*q + 48. Does 6 divide q?
True
Let k be 4/14 - (-2421)/(-21). Let d = -5 - k. Suppose -5*s = 20 - d. Is s a multiple of 9?
True
Suppose -23 = -5*x + 2. Suppose 4*g - 3*g + 35 = x*u, g = 3*u - 19. Is 3 a factor of u?
False
Let l(u) = -35*u**2 + 14*u + 20. Let p(a) = -12*a**2 + 5*a + 7. Let c(i) = -6*l(i) + 17*p(i). Let n be c(1). Is 20 a factor of 274/n - (-8)/(-12)?
False
Suppose 4*w - 12 = w. Suppose w*m - 70 = -6. Let r = m + -9. Is r a multiple of 3?
False
Suppose -26*j - 335 = -31*j. Does 15 divide j?
False
Suppose -4*v + 14 + 22 = 0. Suppose 5*p - 2*p = -3*i + v, -8 = -p + 4*i. Suppose p*m + 2*z = -0*m + 26, -z + 27 = 4*m. Does 3 divide m?
False
Is 3 - ((-18260)/80 + 2/8) a multiple of 11?
True
Suppose 3*p = -4*s - 35, 5*p = 4*s + 45 - 146. Let k = p - -36. Does 13 divide k?
False
Suppose 2*z - 32 = 122. Suppose -2*m + z - 3 = 0. Does 11 divide m?
False
Suppose 12*u - 164 = 10*u. Does 41 divide u?
True
Let g = -2 - -6. Suppose s + 42 = g*s. Does 4 divide s?
False
Let z be 3 + 1 - 0 - 2. Suppose z*y - 5 = 3. Let w = 8 - y. Is w a multiple of 2?
True
Suppose 4*u - 3*u = 6. Let s = 11 - u. Suppose 56 = 2*r - 0*r - s*w, 2*r + 5*w - 76 = 0. Does 15 divide r?
False
Suppose -10 = -2*j - 3*j. Suppose 2*b - b = j*o, 2*o = 4*b - 18. Suppose k = b + 7. Does 7 divide k?
False
Suppose -4*k + 0*k + 12 = 0. Suppose 0 = k*h + h - 8. Suppose 0 = h*a - d + 4*d - 39, 3*d = -15. Does 10 divide a?
False
Let s = 28 + -79. Let i = s + 84. Is 10 a factor of i?
False
Let y(j) = j**2 + 12*j + 18. Let t(w) = -w**2 - 12*w - 19. Let o(h) = -5*t(h) - 6*y(h). Is o(-9) a multiple of 14?
True
Suppose -2*r - r = 0. Suppose 5*u + 23 = -d, -4*d + 2*u = -r*u - 18. Suppose -2*z - 3*n = -59, 4*z - 8*z - d*n + 130 = 0. Is 18 a factor of z?
False
Let b(c) = 14*c**2 - 36*c - 23. Let f(j) = 5*j**2 - 12*j - 8. Let d(s) = -4*b(s) + 11*f(s). Is d(11) a multiple of 15?
True
Let c(p) = -39*p**2 + 4*p + 3. Suppose -d = -0*d + 5. Let l(g) = -40*g**2 + 5*g + 4. Let k(a) = d*c(a) + 4*l(a). Is 13 a factor of k(1)?
False
Suppose 37 = 2*g + 5*j - 139, -3*j - 352 = -4*g. Does 44 divide g?
True
Suppose -j 